 a(-63) a prime number?
True
Let f be 5*(-15)/(225/13236). Suppose -3*p - 8830 = -2*i, p + 14718 = -4*p + 3*i. Let n = p - f. Is n a composite number?
True
Suppose 4*r - 126 = 5*w, 0 = -2*r - r + 3*w + 93. Suppose 0 = i + 1, -i = z - r - 283. Let f = z - -318. Is f a prime number?
True
Suppose -15*h + 11*h + 36 = 0. Suppose -51 = -4*k + h. Suppose 7*j - k*j + 9352 = 0. Is j prime?
False
Let h(p) = 15*p**2 - 13*p + 12. Let k be h(4). Suppose -k*d + 194*d + 8394 = 0. Is d a prime number?
True
Let z be ((-68)/6*1)/((-24)/36). Suppose -464 = -z*c + 9*c. Is c a prime number?
False
Let x(c) = -c**3 - 5*c**2 + 15*c + 2. Let n be x(-7). Is (-5)/(-20)*n*-206*2 a prime number?
False
Let k(b) = 3*b**3 - 13*b**2 - 8*b. Let w be k(-9). Let d = 5622 + w. Suppose d = 10*l - 4076. Is l a prime number?
True
Suppose -7*x - 273728 = -20*x. Is 5*(-7 - x/(-7)) a composite number?
True
Suppose -11*g - 185423 + 347798 = -293894. Is g a prime number?
True
Let t(q) = 159*q**2 + 13*q - 19. Suppose -w + 5*s = -13, s = -11*w + 7*w - 32. Is t(w) a composite number?
False
Suppose -f = -2*o + 2 + 5, -2*o = -4*f + 2. Suppose -3*z + 5*a = z - 1212, -4*z + 1180 = f*a. Suppose -71*g + 69*g + z = 0. Is g a prime number?
True
Let k(f) = -2 - f**3 + 14*f**2 - 14*f + 14 + 0*f**3. Let q be k(13). Is q - (-2 - -5) - -485 a composite number?
True
Let o = 61 - 23. Let v = o - 68. Is (80/v + 3/1)*2937 a composite number?
True
Let n = 359330 - -71664. Is n composite?
True
Suppose 1950504 = 10136*k - 10112*k. Is k a composite number?
True
Suppose 5*w - 25*s + 22*s = 147995, s + 118396 = 4*w. Is w a composite number?
False
Let i = 165807 + -70768. Is i a prime number?
False
Let x = 6638 - -869. Is x prime?
True
Suppose 3*y + 8663 - 1436 = -2*h, 0 = -2*h - 5*y - 7221. Let u = h - -5155. Is u prime?
False
Let r(s) = -s - 92. Let x be r(-78). Suppose 4*t + 36662 - 90998 = 0. Is t/112 + 4/x composite?
True
Suppose 0 = -2160*d + 2148*d + 8194404. Is d a prime number?
False
Suppose 0 = -4*u + 3*y + 25, 5*u - 2 = -5*y + 3. Let h be 234*-7*u/(-40)*-5. Let z = h - -2350. Is z composite?
False
Let r = -53 - -69. Let z(c) = 2*c**2 + 10*c + 13. Let h be z(r). Let a = 974 - h. Is a a prime number?
False
Is ((-6)/72*-12)/(8537817/(-2134455) - -4) a prime number?
False
Suppose -125 - 139 = -6*u. Let t = -41 + u. Suppose t*s - 5748 = -s. Is s composite?
True
Let s(x) = 35*x**2 + 35*x - 243. Is s(16) prime?
True
Let u = -457093 - -857066. Is u composite?
True
Suppose -5 = 4*t + 3*w + 7, 4*w = 3*t - 16. Suppose 3*g - 3*j - 30 = 0, t = -g + 5*j + 13 + 17. Suppose g*z + z = 8274. Is z a prime number?
False
Suppose 0 = -55*h - 1024135 + 19982800. Is h prime?
False
Is 2721/(-3)*(-15 + -10 + 12) composite?
True
Let t be (3168/(-44))/((-6)/188). Suppose 2*i - 12030 = t. Is i a composite number?
True
Suppose -22*x + 3*x + 1368 = 0. Suppose 23*k = 19*k + 12. Suppose -321 + x = -k*w. Is w composite?
False
Suppose 4*v = 2*p + 6, -p + 2*p + 3 = 0. Suppose v*o + 4*o - 7408 = 0. Suppose 1832 = a - 3*u, -2*u = -a - 3*u + o. Is a a prime number?
True
Let z = 9831458 - 4890387. Is z a prime number?
True
Suppose -6*q + 54 = -15*q. Let f be 220/6*(495/(-10))/11. Let y = q - f. Is y composite?
True
Let u be (-1)/(-8) - 3/(-72)*813. Let q = 240 + u. Is q a composite number?
True
Suppose q = 628*k - 625*k + 284, -5*q - 4*k = -1249. Is q composite?
False
Suppose 0 = 4*i - 9*i - 45. Let t = 4 - i. Is ((-331)/(-3))/(t/39) prime?
True
Suppose -53*g - 34*g = 2*g - 3818011. Is g a composite number?
False
Let j = -9610 - -28550. Let q = j - 4437. Is q a prime number?
True
Let h be 3/(-9) + -26*(-1)/6. Suppose z - 1574 = h*f - 9*f, -5*z = -3*f + 922. Suppose -27 = q - f. Is q prime?
False
Let k(l) = 77*l**2 + 7*l - 22. Let r(w) = -41*w**2 - 3*w + 11. Let b(a) = -6*k(a) - 13*r(a). Is b(-7) a prime number?
False
Let g = -233 + 237. Suppose 10 = 5*r, -4*r + 28314 = g*l - 3*r. Is l a prime number?
False
Suppose -17*q + 143899 = 8*q - 1454526. Is q composite?
True
Let x = -22626 + 146489. Is x a composite number?
False
Suppose -5*a - q + 57 = 0, -2*q + 39 = 4*a + q. Suppose -c - 45 = 3*s - 4*s, -3*c = a. Suppose -l = -120 + s. Is l composite?
False
Let y be 9/3*(-5390)/(-21). Suppose 2*q - 6 = -0. Suppose 0 = q*t - 3323 + y. Is t prime?
False
Let g = 18559 + -973. Suppose -1 + 5 = -a, g = 2*k + 5*a. Is k prime?
True
Suppose -3018 = -2*z + 2*u, 1493 = 62*z - 61*z - 5*u. Is z a composite number?
True
Let u = -37 - -41. Suppose 5*h = -u*a + 24, -4*a + 6 + 2 = h. Suppose -80 = h*g - 312. Is g a composite number?
True
Let w be 63*1/(-1)*1. Let i = 66 + w. Suppose -v + i*v = 5*f - 4969, -5*f + 4963 = -4*v. Is f composite?
True
Suppose -5*n - 2*n + 1289303 = -263808. Is n prime?
True
Let v(o) = 11400*o**2 - 200*o + 47. Is v(5) a composite number?
True
Suppose -4*q + 22 = 3*c, q - 47 = -3*c + 2*q. Suppose 0 - c = -4*i - k, -4*i = 2*k - 12. Suppose -8105 = -5*d + t + 1227, 2*d = i*t + 3722. Is d composite?
False
Is 2 + -2 - 5 - (-64740)/10 a composite number?
False
Let h be (36/3)/(-16 + 14). Is (1/(-4))/(h/15672) a prime number?
True
Is (48/36)/(24/208044) composite?
True
Let x(k) = -6252*k + 1027. Is x(-6) a composite number?
True
Let t = -116 - -124. Is (-64015)/(-10) + (-4)/t a composite number?
True
Is 186558 + -6 + 18 + -3 a composite number?
True
Is 5/((85/(-340))/((-2333)/20)) prime?
True
Suppose 2977464 + 5599179 = 291*z. Is z composite?
False
Suppose -3*v - 2234 = -19676. Let a = 27293 - v. Is a a composite number?
True
Suppose -4*s - 16 = 0, s + 0*s = -3*a + 11. Suppose w - 2*t - 5 = 0, 5*w - 13 - a = 3*t. Suppose -3*y - w*n = -1038, 0 = -4*y - 2*n + 302 + 1084. Is y prime?
True
Suppose -14*p = -7*p + 33*p - 9117880. Is p a prime number?
True
Suppose 309*v - 61*v = 249984248. Is v a composite number?
False
Suppose -s - 5*q = s - 447376, -5*s = -4*q - 1118539. Is s prime?
False
Let a(h) = -69*h - 81*h - 99*h + 0 - 13. Let o be a(-6). Suppose 0*z - 3*z - 5*n = -o, -4*n = 4*z - 1964. Is z a composite number?
False
Suppose 0 = 20*u - 23*u + 3*p + 177, 3*p = -u + 63. Is (-369395)/(-30) - 5/(u/2) a prime number?
False
Let o(q) = -1 - 3*q + 5*q + 0*q + 151*q**3. Let m(k) = -k**3 + 19*k**2 + 2*k - 36. Let w be m(19). Is o(w) prime?
False
Let q be -2*(-5 - (3 - 3)). Suppose -q = -2*i + 2. Is (-2066)/(-10) - i/10 composite?
True
Let b = -113 - -116. Suppose n = -b*c + 11826 - 928, 0 = -n - 2*c + 10897. Is n prime?
False
Let n = 2 + -1. Let o be (35*(-20)/70)/((-1)/2). Is o - 3*n/3 a prime number?
True
Let x(d) = -d**2 - 20*d + 25. Let s be x(-21). Is (s + (-6005)/(-10) - 4)*2 a prime number?
True
Let x(y) = -3*y + 3. Let q be x(1). Suppose q = 3*o + 12, 0 = -5*n - 2*o - 2 - 6. Suppose 5*r - 4*h = -2*h + 2457, r + 3*h - 505 = n. Is r composite?
True
Suppose -398876 + 1021822 = 2*p. Is p prime?
True
Let u = 44 - 40. Suppose -5*d - r = -3428, 2*d - u*r - 683 = 675. Is d prime?
False
Let k = -991 + 406. Suppose -5*y + 2*y = 2*l - 1988, -3*l + 2982 = y. Let s = k + l. Is s composite?
False
Let m = 5777 - 15089. Let w = m - -26353. Is w composite?
False
Let z be (-109002)/(-9) - 7 - 2/(-3). Let w = -6592 + z. Is w a prime number?
False
Let q(r) = 73*r**2 - 129*r - 143. Is q(-22) prime?
False
Suppose 1429313 = 94*i + 156233 - 213718. Is i prime?
True
Let o be 2 - 5/((-10)/(-28)). Let y(h) = -h - 5 - 2*h + 0 - h - 2*h. Is y(o) prime?
True
Suppose 2*m = -5*r - 97641, 9 = m + 12. Let a = r + 48278. Is a composite?
False
Let u = 187 + -183. Suppose 3*j = 4*c + 16399, -u*j + 0*c = -3*c - 21863. Is j a prime number?
False
Suppose 78*q - 218442 - 4670125 - 5039663 = 0. Is q a composite number?
True
Let s = -114 - -114. Let w = 654 - 368. Suppose 0 = -3*y, s*l + 2*l + 5*y - w = 0. Is l composite?
True
Is (-6)/84 - (2 - 2345702/28) a composite number?
False
Let t(k) = 5*k**3 - 4*k**2 + 8*k - 14. Let p(r) = -11*r - 4. Let s be p(-4). Let z be 145/13 - s/260. Is t(z) prime?
False
Is (21 + 78/(-4))/((-3)/(-253826)) prime?
True
Suppose m + 22 - 22 = 0, -l = 2*m. Suppose l = 18*i + 51573 - 131295. Is i prime?
False
Suppose 37*s - 15223299 = -2*s. Is s composite?
True
Let i = 15 + -7. Let l(n) = 11*n - 6*n**3 - 9*n**2 + 8*n**2 + i*n**3 + 1 - n. Is l(6) a prime number?
True
Suppose 0 = 2*i - m + 14, -4*i = -3*m + 5*m + 20. Let l(h) = -1044*h + 23. Is l(i) a composit